e?
False
Is 3541144407 composite?
True
Is 2544761 composite?
False
Is 2838757097 composite?
True
Is 19481962121 composite?
True
Is 3571774805 composite?
True
Is 5478527207 a composite number?
False
Is 115256174459 a composite number?
True
Is 122358581 prime?
False
Is 4680450017 a composite number?
False
Is 636649957 a prime number?
True
Is 3991732247 a prime number?
True
Is 2942580719 prime?
False
Is 10235973469 a prime number?
True
Is 5118793639 prime?
False
Is 1623889141 a composite number?
True
Is 44463699679 a prime number?
False
Is 2162328139 a prime number?
True
Is 144476207 prime?
False
Is 50824297387 composite?
False
Is 8594980487 a prime number?
True
Is 167596733 prime?
False
Is 19486495423 prime?
True
Is 6177696977 prime?
True
Is 2112839947 prime?
False
Is 37168243313 prime?
True
Is 15614473647 composite?
True
Is 195334651 a composite number?
False
Is 8010291007 a prime number?
True
Is 10297889881 a composite number?
False
Is 515904461 a composite number?
True
Is 21869532953 a composite number?
True
Is 917743297 a composite number?
True
Is 19055692543 composite?
True
Is 250745179 composite?
False
Is 20430086711 a prime number?
False
Is 8923971811 prime?
True
Is 24533231251 prime?
False
Is 6721288151 a prime number?
False
Is 74747159349 composite?
True
Is 39134098461 composite?
True
Is 3147640999 a prime number?
True
Is 71676890921 composite?
False
Is 1402150333 prime?
True
Is 143120507 a composite number?
False
Is 1319749427 a composite number?
True
Is 126169117 a prime number?
True
Is 184651255301 composite?
False
Is 724377779 prime?
False
Is 517513793 composite?
True
Is 8384178757 prime?
True
Is 44519917097 a prime number?
True
Is 928295807 composite?
True
Is 11777992841 prime?
True
Is 634314439 a composite number?
True
Is 685024114 a composite number?
True
Is 317924647 composite?
True
Is 57545315533 prime?
True
Is 238026799 a composite number?
False
Is 46093322971 composite?
False
Is 11153589947 a prime number?
True
Is 11400685883 composite?
False
Is 30551094919 a composite number?
False
Is 1350121607 a composite number?
False
Is 1408603193 prime?
False
Is 6120862711 a prime number?
False
Is 3467776747 composite?
False
Is 12847367303 a prime number?
True
Is 8619161861 prime?
True
Is 3919727429 prime?
True
Is 373693427 a prime number?
False
Is 604057673 a composite number?
True
Is 1638674471 a composite number?
True
Is 13036981343 composite?
False
Is 185681917679 a composite number?
False
Is 1509574097 a composite number?
True
Is 394968967 a composite number?
False
Is 633621673 composite?
False
Is 4350426139 composite?
False
Is 3919700357 a prime number?
False
Is 23584387037 a prime number?
True
Is 6115493081 prime?
False
Is 180399833 a composite number?
True
Is 30631073713 a composite number?
False
Is 39747866917 composite?
True
Is 4766602493 a composite number?
False
Is 4667903971 composite?
True
Is 1026886807 a composite number?
False
Is 188138017999 a prime number?
True
Is 62098424779 composite?
True
Is 106874239673 prime?
True
Is 1110709753 prime?
False
Is 46029910231 prime?
True
Is 824470393 a composite number?
False
Is 1329301759 composite?
False
Is 1052948879 a prime number?
False
Is 2522519717 prime?
True
Is 33733593131 a composite number?
True
Is 8938960627 composite?
True
Is 7338604909 a prime number?
True
Is 8620461791 prime?
False
Is 499063769 a prime number?
True
Is 894409655 composite?
True
Is 1151661607 prime?
True
Is 3218606921 composite?
True
Is 86523180089 a prime number?
True
Is 2455814989 prime?
True
Is 8054019089 a composite number?
True
Is 90741931 composite?
True
Is 78139181 a composite number?
False
Is 296833081 composite?
True
Is 1435324661 a composite number?
False
Is 1292489179 prime?
True
Is 5084950357 composite?
False
Is 49228703443 prime?
True
Is 18450813851 a composite number?
True
Is 198723727649 a prime number?
True
Is 5107245601 prime?
True
Is 2783323501 prime?
False
Is 764436749 a prime number?
False
Is 5312691217 composite?
True
Is 39417806047 prime?
False
Is 13675074713 a composite number?
True
Is 23283489497 prime?
True
Is 2131295189 composite?
True
Is 1816162651 a composite number?
False
Is 1603727299 prime?
True
Is 12618165155 prime?
False
Is 82123982569 a prime number?
True
Is 13622669 a composite number?
False
Is 92592794491 a prime number?
False
Is 2495805967 a prime number?
True
Is 11277167635 composite?
True
Is 8894242267 a composite number?
False
Is 110206751 a composite number?
True
Is 7258417799 a composite number?
False
Is 53064951253 a prime number?
True
Is 15030859729 composite?
False
Is 26532434057 composite?
False
Is 4874282999 composite?
False
Is 286093261 a prime number?
False
Is 6265428599 composite?
False
Is 2017377129 prime?
False
Is 585026107 composite?
False
Is 1816216949 composite?
False
Is 17467771 a prime number?
False
Is 733239601 a composite number?
True
Is 535404011 prime?
True
Is 20399271793 prime?
True
Is 4395606133 composite?
False
Is 1494722869 composite?
True
Is 15653819677 a composite number?
False
Is 9927806107 a composite number?
False
Is 6660693281 a prime number?
False
Is 5668380539 prime?
True
Is 232637429 composite?
False
Is 15704382439 composite?
True
Is 13960920097 a prime number?
True
Is 14880563987 a prime number?
True
Is 242256509 a prime number?
False
Is 143822255 a prime number?
False
Is 123465642877 composite?
False
Is 4346133089 prime?
True
Is 417477365 composite?
True
Is 8780507198 composite?
True
Is 77337172403 prime?
False
Is 12090839171 composite?
False
Is 267163157 composite?
False
Is 4208338373 a composite number?
True
Is 1772803369 composite?
False
Is 386931011 a prime number?
True
Is 23798525551 a composite number?
False
Is 5776304377 composite?
True
Is 321047786305 a composite number?
True
Is 13640680423 prime?
False
Is 12418495573 composite?
True
Is 4380821723 a composite number?
True
Is 8244405347 composite?
False
Is 6711934157 a prime number?
False
Is 18768565951 a composite number?
False
Is 137775393271 composite?
False
Is 116542417 prime?
True
Is 1267462223 a prime number?
True
Is 4394020643 composite?
True
Is 10843517407 prime?
False
Is 1173741773 composite?
True
Is 499238581 composite?
True
Is 333501169 prime?
False
Is 224410549 a composite number?
True
Is 8207546005 a composite number?
True
Is 27103771 prime?
False
Is 107444506673 composite?
True
Is 185912831 a composite number?
True
Is 7738739131 composite?
True
Is 270317911 a composite number?
False
Is 1694070173 a composite number?
False
Is 973908983 prime?
False
Is 37322569 a composite number?
False
Is 10245195853 a composite number?
False
Is 165835708361 a composite number?
False
Is 6990200047 a composite number?
False
Is 37317072503 prime?
False
Is 392721853 prime?
False
Is 98647250509 a prime number?
True
Is 12792914021 prime?
False
Is 2188487239 a prime number?
False
Is 876686471 prime?
True
Is 488646750849 a composite number?
True
Is 4053665845 prime?
False
Is 8744770627 a composite number?
False
Is 35181863123 a prime number?
False
Is 1279437287 composite?
False
Is 27521561449 prime?
True
Is 175752583991 prime?
True
Is 8895166703 composite?
True
Is 288232286 prime?
False
Is 1647407299 prime?
False
Is 6138576655 composite?
True
Is 65938809247 composite?
True
Is 6546142667 composite?
True
Is 236384867 a composite number?
False
Is 10412171603 a composite number?
True
Is 323965136717 composite?
False
Is 522251273 prime?
True
Is 1416256091 a prime number?
True
Is 7304967331 prime?
True
Is 3712824277 prime?
True
Is 7616126939 a prime number?
False
Is 3953699819 composite?
False
Is 45587955079 composite?
True
Is 325045360591 prime?
False
Is 815348291 composite?
True
Is 3967796489 a prime number?
False
Is 4087846991 prime?
False
Is 8597777411 a prime number?
True
Is 262885907 prime?
True
Is 33912163 composite?
False
Is 53216519 a composite number?
False
Is 62480734909 prime?
True
Is 185428216147 prime?
True
Is 1223901977 a prime number?
False
Is 84919127 composite?
False
Is 39295703 prime?
True
Is 498468361 a prime number?
True
Is 2942420659 composite?
True
Is 280689757 composite?
False
Is 36316145309 a composite number?
False
Is 422285827 prime?
True
Is 2089648793 prime?
False
Is 3999148127 composite?
True
Is 59648062777 a prime number?
True
Is 10685123453 a prime number